s the hundred thousands digit of 178049910?
0
What is the hundred thousands digit of 1587330683?
3
What is the tens digit of 881138178?
7
What is the millions digit of 77406453?
7
What is the tens digit of 4585549196?
9
What is the hundreds digit of 598210740?
7
What is the ten millions digit of 2403279440?
0
What is the thousands digit of 92013917?
3
What is the tens digit of 874530607?
0
What is the tens digit of 299674458?
5
What is the millions digit of 342493063?
2
What is the hundred thousands digit of 184252685?
2
What is the billions digit of 1656400451?
1
What is the thousands digit of 5582782502?
2
What is the tens digit of 869071834?
3
What is the ten millions digit of 50894901?
5
What is the thousands digit of 256705651?
5
What is the thousands digit of 472316393?
6
What is the hundred millions digit of 2726016014?
7
What is the millions digit of 1239204?
1
What is the ten millions digit of 32341355?
3
What is the hundred millions digit of 6930433303?
9
What is the thousands digit of 905950460?
0
What is the ten millions digit of 85225843?
8
What is the ten thousands digit of 70095563?
9
What is the hundred millions digit of 2041647901?
0
What is the thousands digit of 22231385?
1
What is the millions digit of 2245517840?
5
What is the units digit of 809835935?
5
What is the millions digit of 52089303?
2
What is the thousands digit of 95832983?
2
What is the ten millions digit of 611858498?
1
What is the thousands digit of 3438442793?
2
What is the hundreds digit of 10445113?
1
What is the tens digit of 950092366?
6
What is the hundred thousands digit of 700900898?
9
What is the ten thousands digit of 483139292?
3
What is the units digit of 114664017?
7
What is the hundreds digit of 3652936?
9
What is the units digit of 587703885?
5
What is the hundreds digit of 21277856?
8
What is the ten thousands digit of 1011996982?
9
What is the ten thousands digit of 20926360?
2
What is the millions digit of 42829341?
2
What is the ten thousands digit of 1246156663?
5
What is the tens digit of 470828348?
4
What is the ten millions digit of 77947170?
7
What is the units digit of 1817187396?
6
What is the units digit of 758626021?
1
What is the hundreds digit of 366524184?
1
What is the tens digit of 175418188?
8
What is the units digit of 107793084?
4
What is the ten thousands digit of 277830325?
3
What is the hundred thousands digit of 9052103?
0
What is the ten millions digit of 460111599?
6
What is the hundred thousands digit of 362100953?
1
What is the hundred thousands digit of 4575740?
5
What is the thousands digit of 52141173?
1
What is the millions digit of 243844388?
3
What is the ten thousands digit of 52709636?
0
What is the ten millions digit of 344572157?
4
What is the hundred millions digit of 997902682?
9
What is the ten millions digit of 593884856?
9
What is the ten thousands digit of 13615293?
1
What is the thousands digit of 1657815761?
5
What is the ten millions digit of 44764201?
4
What is the ten millions digit of 580793263?
8
What is the hundreds digit of 5294332633?
6
What is the ten thousands digit of 82512464?
1
What is the tens digit of 128932339?
3
What is the thousands digit of 99855842?
5
What is the hundred thousands digit of 2568498375?
4
What is the millions digit of 18045006?
8
What is the hundred millions digit of 1969572077?
9
What is the hundred millions digit of 4386281936?
3
What is the units digit of 106772876?
6
What is the millions digit of 36870213?
6
What is the ten thousands digit of 1386341785?
4
What is the hundreds digit of 45627333?
3
What is the ten thousands digit of 619330051?
3
What is the ten thousands digit of 4256978999?
7
What is the hundreds digit of 1115228417?
4
What is the hundred thousands digit of 363005957?
0
What is the millions digit of 455868258?
5
What is the ten thousands digit of 7183469558?
6
What is the ten thousands digit of 59554054?
5
What is the hundreds digit of 7573817?
8
What is the hundred millions digit of 2589200004?
5
What is the millions digit of 2693221929?
3
What is the hundreds digit of 1143704?
7
What is the millions digit of 136475048?
6
What is the millions digit of 78123031?
8
What is the hundred millions digit of 137002433?
1
What is the ten millions digit of 69849489?
6
What is the units digit of 140537750?
0
What is the ten thousands digit of 93006695?
0
What is the hundred thousands digit of 19516976?
5
What is the ten thousands digit of 756748184?
4
What is the hundred millions digit of 249172007?
2
What is the hundreds digit of 49181591?
5
What is the units digit of 1454542018?
8
What is the units digit of 44790260?
0
What is the hundreds digit of 165786914?
9
What is the units digit of 87868185?
5
What is the ten thousands digit of 4020758282?
5
What is the millions digit of 308230081?
8
What is the millions digit of 119659127?
9
What is the thousands digit of 331337776?
7
What is the ten thousands digit of 110907275?
0
What is the units digit of 49013177?
7
What is the millions digit of 263257510?
3
What is the tens digit of 3628046?
4
What is the millions digit of 26368250?
6
What is the millions digit of 93103347?
3
What is the millions digit of 7644522052?
4
What is the hundred thousands digit of 30924058?
9
What is the hundred thousands digit of 49687405?
6
What is the thousands digit of 42230016?
0
What is the hundred thousands digit of 241449668?
4
What is the hundred thousands digit of 3444488819?
4
What is the hundred millions digit of 1234002549?
2
What is the tens digit of 3752363712?
1
What is the hundred thousands digit of 3350116850?
1
What is the thousands digit of 2410949248?
9
What is the ten thousands digit of 4762387972?
8
What is the thousands digit of 18022417?
2
What is the hundred thousands digit of 180008932?
0
What is the thousands digit of 185144103?
4
What is the tens digit of 558422213?
1
What is the units digit of 1185324236?
6
What is the thousands digit of 2340857364?
7
What is the hundreds digit of 2138312985?
9
What is the units digit of 409671615?
5
What is the tens digit of 807612?
1
What is the ten thousands digit of 38935517?
3
What is the ten millions digit of 350434869?
5
What is the units digit of 10867370?
0
What is the hundreds digit of 113135744?
7
What is the tens digit of 29164355?
5
What is the hundred thousands digit of 1182361943?
3
What is the ten thousands digit of 962436564?
3
What is the hundreds digit of 39848974?
9
What is the units digit of 52640448?
8
What is the hundred thousands digit of 432016844?
0
What is the ten thousands digit of 80192269?
9
What is the hundreds digit of 174661101?
1
What is the thousands digit of 74097551?
7
What is the hundred thousands digit of 86685266?
6
What is the millions digit of 731359986?
1
What is the tens digit of 293853427?
2
What is the tens digit of 6995444?
4
What is the units digit of 44232306?
6
What is the hundred thousands digit of 506546941?
5
What is the units digit of 194508584?
4
What is the hundred thousands digit of 3940143098?
1
What is the hundred millions digit of 240380608?
2
What is the hundreds digit of 132708018?
0
What is the hundred thousands digit of 647591423?
5
What is the ten millions digit of 611077899?
1
What is the tens digit of 354574705?
0
What is the hundred millions digit of 119785037?
1
What is the units digit of 402462980?
0
What is the hundred thousands digit of 13726983?
7
What is the thousands digit of 20111413?
1
What is the units digit of 1325177544?
4
What is the thousands digit of 126086114?
6
What is the ten thousands digit of 34250228?
5
What is the millions digit of 6851390?
6
What is the thousands digit of 34805597?
5
What is the units digit of 196037956?
6
What is the tens digit of 44515781?
8
What is the ten millions digit of 172345458?
7
What is the ten thousands digit of 8989599?
8
What is the ten millions digit of 3193850673?
9
What is the units digit of 126734067?
7
What is the units digit of 1491626341?
1
What is the ten millions digit of 73409516?
7
What is the thousands digit of 102246901?
6
What is the hundred millions digit of 2563195175?
5
What is the units digit of 8828490?
0
What is the thousands digit of 30455256?
5
What is the thousands digit of 338934069?
4
What is the hundreds digit of 12